{"id":402,"date":"2018-01-19T02:28:06","date_gmt":"2018-01-19T01:28:06","guid":{"rendered":"http:\/\/www.becker-becker.de\/?page_id=402"},"modified":"2018-01-19T03:00:33","modified_gmt":"2018-01-19T02:00:33","slug":"bverwg-pressemitteilungen","status":"publish","type":"page","link":"https:\/\/www.becker-becker.de\/index.php\/bverwg-pressemitteilungen\/","title":{"rendered":"BVerwG Pressemitteilungen"},"content":{"rendered":"\t\t<div data-elementor-type=\"wp-post\" data-elementor-id=\"402\" class=\"elementor elementor-402 elementor-bc-flex-widget\">\n\t\t\t\t\t\t<div class=\"elementor-inner\">\n\t\t\t\t<div class=\"elementor-section-wrap\">\n\t\t\t\t\t\t\t\t\t<section class=\"elementor-section elementor-top-section elementor-element elementor-element-227908d4 elementor-section-full_width elementor-section-height-default elementor-section-height-default\" data-id=\"227908d4\" data-element_type=\"section\">\n\t\t\t\t\t\t<div class=\"elementor-container elementor-column-gap-default\">\n\t\t\t\t\t\t\t<div class=\"elementor-row\">\n\t\t\t\t\t<div class=\"elementor-column elementor-col-50 elementor-top-column elementor-element elementor-element-cfaaeb5\" data-id=\"cfaaeb5\" data-element_type=\"column\">\n\t\t\t<div class=\"elementor-column-wrap elementor-element-populated\">\n\t\t\t\t\t\t\t<div class=\"elementor-widget-wrap\">\n\t\t\t\t\t\t<div class=\"elementor-element elementor-element-74e22c14 elementor-widget elementor-widget-wp-widget-rss\" data-id=\"74e22c14\" data-element_type=\"widget\" data-widget_type=\"wp-widget-rss.default\">\n\t\t\t\t<div class=\"elementor-widget-container\">\n\t\t\t<h5><a class=\"rsswidget rss-widget-feed\" href=\"http:\/\/www.bverwg.de\/rss\/pressemitteilungen.rss\"><img decoding=\"async\" class=\"rss-widget-icon\" style=\"border:0\" width=\"14\" height=\"14\" src=\"https:\/\/www.becker-becker.de\/wp-includes\/images\/rss.png\" alt=\"RSS\" loading=\"lazy\" \/><\/a> <a class=\"rsswidget rss-widget-title\" href=\"http:\/\/www.bverwg.de\/\">RSS-Newsfeed des Bundesverwaltungsgerichts<\/a><\/h5><ul><li><a class='rsswidget' href='http:\/\/www.bverwg.de\/pm\/2026\/22'>Entsch\u00e4digung f\u00fcr Vern\u00e4ssung von Forstfl\u00e4chen durch Biberd\u00e4mme<\/a> <span class=\"rss-date\">25. M\u00e4rz 2026<\/span><div class=\"rssSummary\">BVerwG 10 C 3.25; BVerwG 10 C 4.25<\/div><\/li><li><a class='rsswidget' href='http:\/\/www.bverwg.de\/pm\/2026\/23'>Kein dauerndes Getrenntleben von Ehegatten im Sinne des Unterhaltsvorschussgesetzes bei aufenthaltsrechtlichen Einreisehindernissen<\/a> <span class=\"rss-date\">25. M\u00e4rz 2026<\/span><div class=\"rssSummary\">BVerwG 5 C 7.24<\/div><\/li><li><a class='rsswidget' href='http:\/\/www.bverwg.de\/pm\/2026\/24'>Mitgliedschaft einer Kommune in einer &quot;Allianz gegen Rechtsextremismus&quot;<\/a> <span class=\"rss-date\">25. M\u00e4rz 2026<\/span><div class=\"rssSummary\">BVerwG 8 C 3.25<\/div><\/li><li><a class='rsswidget' href='http:\/\/www.bverwg.de\/pm\/2026\/19'>Sanierung der Neunkirchener &quot;Pl\u00e4ttchesdole&quot;: Oberverwaltungsgericht muss erneut \u00fcber Kostenverteilung entscheiden<\/a> <span class=\"rss-date\">24. M\u00e4rz 2026<\/span><div class=\"rssSummary\">BVerwG 7 C 9.24<\/div><\/li><li><a class='rsswidget' href='http:\/\/www.bverwg.de\/pm\/2026\/20'>Konzentrationswirkung der Genehmigung zur \u00c4nderung von Windenergieanlagen auch bei eingeschr\u00e4nktem Pr\u00fcfprogramm<\/a> <span class=\"rss-date\">24. M\u00e4rz 2026<\/span><div class=\"rssSummary\">BVerwG 7 C 3.25<\/div><\/li><li><a class='rsswidget' href='http:\/\/www.bverwg.de\/pm\/2026\/21'>Keine Kompetenz der Vollzugsbeh\u00f6rde im Vereinsverbotsverfahren zur abschlie\u00dfenden Verm\u00f6genszuordnung<\/a> <span class=\"rss-date\">24. M\u00e4rz 2026<\/span><div class=\"rssSummary\">BVerwG 6 C 8.24<\/div><\/li><li><a class='rsswidget' href='http:\/\/www.bverwg.de\/pm\/2026\/18'>Kein Anspruch auf Erteilung eines Aufenthaltstitels im Fall des Verantwortungs\u00fcbergangs f\u00fcr einen in einem anderen Mitgliedstaat anerkannten Fl\u00fcchtling<\/a> <span class=\"rss-date\">23. M\u00e4rz 2026<\/span><div class=\"rssSummary\">BVerwG 1 C 6.25<\/div><\/li><li><a class='rsswidget' href='http:\/\/www.bverwg.de\/pm\/2026\/17'>Zur Anwendbarkeit von \u00a7 1 Abs. 1 Satz 1 Nr. 5 UmwRG auf eine Baugenehmigung f\u00fcr eine heranr\u00fcckende Wohnnutzung<\/a> <span class=\"rss-date\">16. M\u00e4rz 2026<\/span><div class=\"rssSummary\">BVerwG 4 C 1.25<\/div><\/li><li><a class='rsswidget' href='http:\/\/www.bverwg.de\/pm\/2026\/16'>Keine Verarbeitung der Diagnosen in zur Erstattung eingereichten Rechnungen durch private Krankenversicherung zum Zweck des Angebots von Vorsorgeprogrammen<\/a> <span class=\"rss-date\">5. M\u00e4rz 2026<\/span><div class=\"rssSummary\">BVerwG 6 C 7.24<\/div><\/li><li><a class='rsswidget' href='http:\/\/www.bverwg.de\/pm\/2026\/14'>Wiedererwerb der t\u00fcrkischen Staatsangeh\u00f6rigkeit nach Einb\u00fcrgerung in den deutschen Staatsverband - Verlust der deutschen Staatsangeh\u00f6rigkeit?<\/a> <span class=\"rss-date\">3. M\u00e4rz 2026<\/span><div class=\"rssSummary\">BVerwG 1 C 4.25<\/div><\/li><li><a class='rsswidget' href='http:\/\/www.bverwg.de\/pm\/2026\/15'>Klage der Bundesbeauftragten f\u00fcr den Datenschutz und die Informationsfreiheit auf Einsicht in Anordnungen des Pr\u00e4sidenten des Bundesnachrichtendienstes unzul\u00e4ssig<\/a> <span class=\"rss-date\">3. M\u00e4rz 2026<\/span><div class=\"rssSummary\">BVerwG 6 A 2.24<\/div><\/li><li><a class='rsswidget' href='http:\/\/www.bverwg.de\/pm\/2026\/12'>Zeitpunkt des Asylersuchens ma\u00dfgeblich f\u00fcr die Einstufung als Zweitantrag<\/a> <span class=\"rss-date\">25. Februar 2026<\/span><div class=\"rssSummary\">BVerwG 1 C 7.25; BVerwG 1 C 9.25<\/div><\/li><li><a class='rsswidget' href='http:\/\/www.bverwg.de\/pm\/2026\/13'>Klage gegen Gew\u00e4sserausbau des Dietenbachs in Freiburg i. Br. ohne Erfolg<\/a> <span class=\"rss-date\">25. Februar 2026<\/span><div class=\"rssSummary\">BVerwG 10 C 6.24<\/div><\/li><li><a class='rsswidget' href='http:\/\/www.bverwg.de\/pm\/2026\/11'>&quot;Tatsachenrevision&quot; in asylgerichtlichem Verfahren betreffend Eritrea eingegangen<\/a> <span class=\"rss-date\">24. Februar 2026<\/span><div class=\"rssSummary\"><\/div><\/li><li><a class='rsswidget' href='http:\/\/www.bverwg.de\/pm\/2026\/10'>Gesch\u00e4ftslage des Bundesverwaltungsgerichts im Jahr 2025<\/a> <span class=\"rss-date\">23. Februar 2026<\/span><div class=\"rssSummary\"><\/div><\/li><li><a class='rsswidget' href='http:\/\/www.bverwg.de\/pm\/2026\/09'>Abschiebungsandrohung in das Herkunftsland trotz internationalen Schutzes in einem anderen Mitgliedstaat<\/a> <span class=\"rss-date\">18. Februar 2026<\/span><div class=\"rssSummary\">BVerwG 1 C 24.25; BVerwG 1 C 16.25<\/div><\/li><li><a class='rsswidget' href='http:\/\/www.bverwg.de\/pm\/2026\/08'>Erneute m\u00fcndliche Verhandlung im Klageverfahren zum Verbot der Artgemeinschaft<\/a> <span class=\"rss-date\">8. Februar 2026<\/span><div class=\"rssSummary\">BVerwG 6 A 18.23<\/div><\/li><li><a class='rsswidget' href='http:\/\/www.bverwg.de\/pm\/2026\/07'>Richterin am Bundesverwaltungsgericht Gabriela B\u00e4hr verstorben<\/a> <span class=\"rss-date\">3. Februar 2026<\/span><div class=\"rssSummary\"><\/div><\/li><li><a class='rsswidget' href='http:\/\/www.bverwg.de\/pm\/2026\/06'>H\u00f6chste Verwaltungsgerichte Europas treffen sich in Leipzig zu einem Seminar der ACA-Europe<\/a> <span class=\"rss-date\">1. Februar 2026<\/span><div class=\"rssSummary\"><\/div><\/li><li><a class='rsswidget' href='http:\/\/www.bverwg.de\/pm\/2026\/04'>Elternbeitragssatzung einer nieders\u00e4chsischen Samtgemeinde unwirksam<\/a> <span class=\"rss-date\">28. Januar 2026<\/span><div class=\"rssSummary\">BVerwG 5 CN 1.24<\/div><\/li><\/ul>\t\t<\/div>\n\t\t\t\t<\/div>\n\t\t\t\t\t\t<\/div>\n\t\t\t\t\t<\/div>\n\t\t<\/div>\n\t\t\t\t<div class=\"elementor-column elementor-col-50 elementor-top-column elementor-element elementor-element-2831ef7\" data-id=\"2831ef7\" data-element_type=\"column\">\n\t\t\t<div class=\"elementor-column-wrap\">\n\t\t\t\t\t\t\t<div class=\"elementor-widget-wrap\">\n\t\t\t\t\t\t\t\t<\/div>\n\t\t\t\t\t<\/div>\n\t\t<\/div>\n\t\t\t\t\t\t\t\t<\/div>\n\t\t\t\t\t<\/div>\n\t\t<\/section>\n\t\t\t\t\t\t\t\t\t<\/div>\n\t\t\t<\/div>\n\t\t\t\t\t<\/div>\n\t\t","protected":false},"excerpt":{"rendered":"","protected":false},"author":1,"featured_media":0,"parent":0,"menu_order":0,"comment_status":"closed","ping_status":"closed","template":"template-fullwidth.php","meta":[],"aioseo_notices":[],"_links":{"self":[{"href":"https:\/\/www.becker-becker.de\/index.php\/wp-json\/wp\/v2\/pages\/402"}],"collection":[{"href":"https:\/\/www.becker-becker.de\/index.php\/wp-json\/wp\/v2\/pages"}],"about":[{"href":"https:\/\/www.becker-becker.de\/index.php\/wp-json\/wp\/v2\/types\/page"}],"author":[{"embeddable":true,"href":"https:\/\/www.becker-becker.de\/index.php\/wp-json\/wp\/v2\/users\/1"}],"replies":[{"embeddable":true,"href":"https:\/\/www.becker-becker.de\/index.php\/wp-json\/wp\/v2\/comments?post=402"}],"version-history":[{"count":3,"href":"https:\/\/www.becker-becker.de\/index.php\/wp-json\/wp\/v2\/pages\/402\/revisions"}],"predecessor-version":[{"id":426,"href":"https:\/\/www.becker-becker.de\/index.php\/wp-json\/wp\/v2\/pages\/402\/revisions\/426"}],"wp:attachment":[{"href":"https:\/\/www.becker-becker.de\/index.php\/wp-json\/wp\/v2\/media?parent=402"}],"curies":[{"name":"wp","href":"https:\/\/api.w.org\/{rel}","templated":true}]}}